 2*l + 1876 = 0, 652 = 4*q - 2*l + 24. Calculate the remainder when 5147 is divided by q.
155
Let c be (0*(-4)/16)/1. Suppose -x - 28 = -c*x. Calculate the remainder when 10 is divided by (-1)/((-1)/(-14))*14/x.
3
Let p be -3 - -11 - (1 + -11). Suppose 23 = b - c, -b + 23 = -2*c - 1. What is the remainder when (-389)/(-9) + (-4)/p is divided by b?
21
Let v(m) = 8*m**2 - 199*m - 798. Suppose -2*j + 30 = -8. Calculate the remainder when v(-4) is divided by j.
12
Let n(u) = 19*u**2 - 97*u - 24. Calculate the remainder when 308 is divided by n(6).
74
Let d = -110 - -54. Let t = 131 + d. Suppose 27*k + t = 30*k. What is the remainder when 36 is divided by k?
11
What is the remainder when (1 + -6085)*((-4)/6 + 2/(-24)) is divided by 55?
53
Let s = -36843 + 40830. Calculate the remainder when s is divided by 19.
16
Calculate the remainder when 1271 is divided by 90 + -36 - (-2)/(6/(-3)).
52
Calculate the remainder when (-82 - -48)/((-6)/21) is divided by 33.
20
Suppose 154*y - 7500 = 29*y. Calculate the remainder when 2818 is divided by y.
58
Let z(p) = 3*p. Suppose -2*d + l = -l - 4, -4*d + 2*l = -14. What is the remainder when 45 + (-26 + 23 - (1 + -3)) is divided by z(d)?
14
Suppose -130*b + 879 = -681. What is the remainder when 18 is divided by b?
6
Suppose -5*g - 4*r = -88, -4*g + 33 = r - 44. Suppose 0 = -5*z - 2*z. Suppose z = -4*i + 12 + 36. What is the remainder when g is divided by i?
8
Let v(c) = c**2 + 3*c - 9. Let f be v(-5). Let l(d) = 189*d - 5 - 189*d + f + 3*d**2. Calculate the remainder when l(-4) is divided by 24.
20
Let w(h) = -h**3 + 4*h**2 + 8*h - 3. Let o be w(6). Let c = -5 - o. What is the remainder when -244*-5*(-4)/(-80) is divided by c?
17
Let j be (-2939)/(-6) + (5 - (-145)/(-30)). Suppose -2*z - 12*z = -j. Suppose 4*u = -197 + 605. Calculate the remainder when u is divided by z.
32
Let q(u) = u + 32. Let s(n) = -n**2 - 10*n - 15. Let r be s(-8). What is the remainder when q(-12) is divided by (0 - r) + 5 + 7?
9
Calculate the remainder when 143 is divided by (253/(-110) + (-3)/(-2))/((-5)/275).
11
Suppose -4*q = -q - 219. Let y(p) = -3*p**2 - 15*p. Let k be y(-5). Suppose 2*i - 37 - 39 = k. What is the remainder when q is divided by i?
35
Suppose -5*h + 370 = 5*f, 3*f + 62 = h + f. Suppose 5*g = -h + 10. Let c(l) = l**3 + 13*l**2 + 14*l + 27. What is the remainder when 7 is divided by c(g)?
1
Let i(m) = m - 3. Let o be i(-5). Let f = 15 + o. Let u(w) = -39*w**3 - 7*w**2 + 14*w + 21. What is the remainder when u(-1) is divided by f?
4
Let g = -25 + 66. Suppose -99 = -5*j - 0*j - 2*o, -2*o = -4*j + 90. Suppose 0 = -j*s + 70 + 3290. Calculate the remainder when s is divided by g.
37
Let z(t) = t**2 + 19*t + 80. Let b be z(-10). Let a = b - -14. Calculate the remainder when 13 is divided by a.
1
Suppose -5*r - 4*v + 385 = -2*r, r - 3*v - 111 = 0. Suppose 36 = x - 2*p + 15, 5*p - r = -4*x. What is the remainder when 89 is divided by x?
8
Let v(k) = 4*k**2 + 28*k + 2. Let h be v(-7). What is the remainder when 63 is divided by (h - 1)/(812/(-91) + 9)?
11
Let k(j) = j**2 + 7*j - 1. Suppose -13*q + 3 = -10*q. Calculate the remainder when k(-15) is divided by (3 + q)/((-10)/(-25)).
9
Let x = -18983 - -19122. Calculate the remainder when x is divided by 16.
11
Suppose -g = -4, -4*g + 23 = -4*m - 17. What is the remainder when -15*(936/10)/m is divided by 59?
57
Calculate the remainder when 718 is divided by -5*(-2247)/33 - ((-192)/(-132) + -2).
36
Let a(v) = v - 2 + 5 - 5. Let d be a(5). Suppose 0 = 4*c - 16, -4*c = d*r - 55. What is the remainder when 48 is divided by r?
9
Suppose 0 = 9*r - 25*r + 720. Let p be 1/((-19)/(-6) + -3). Let h(y) = y**2 - 2*y - 1. What is the remainder when r is divided by h(p)?
22
Suppose a = -3*f + 3897 + 2937, -34212 = -5*a - f. Calculate the remainder when a is divided by 214.
209
Let w = 181 - 211. Let i = -4 - w. Calculate the remainder when 101 is divided by i.
23
Suppose 17*l - 15*l + 4*q = 558, 0 = -5*l - q + 1377. Let x = l - 269. What is the remainder when 36 is divided by x?
0
Let a(w) = 2*w**3 - 17*w**2 + 21*w. What is the remainder when 6655 is divided by a(8)?
103
Suppose -q = -5*v + 46, q + 7 + 3 = -4*v. Let y = q - -28. What is the remainder when 30 is divided by (-24 + 46)*1/y?
8
Suppose z - 18 = 5*n, 0*z - 3*z = -5*n - 14. What is the remainder when 23 is divided by (-4 + -10)*(-1 + 2)/z?
2
Suppose 28 = -4*i, 0 = -955*u + 956*u + i - 957. What is the remainder when u is divided by 74?
2
Suppose -16*n + 19*n - 6 = 0. Suppose -n*p + p = 113. Let f = -26 - p. Calculate the remainder when f is divided by 28.
3
Let n = -2265 + 2311. What is the remainder when 212 is divided by n?
28
Suppose -1 = s, -4*s - 605 = b - 119. Let m = -455 - b. Calculate the remainder when 103 is divided by m.
22
Suppose 3*a - 21 = -4*a. Let t(x) = x**a + 22 + 20 - 7*x + 13*x + 16*x + 22*x**2. What is the remainder when 81 is divided by t(-21)?
18
Let v(b) = 45*b**3 - 22*b**2 + 223*b - 13. Calculate the remainder when v(6) is divided by 39.
35
Suppose -l + 17 = 16, 4*t - 3*l - 53 = 0. What is the remainder when (-2)/12 + (-1145)/(-30) is divided by t?
10
Let b = -117 - -116. What is the remainder when (b + -43)*(0 + 6 + -8) is divided by 19?
12
Suppose 4*y = 4*o + 1268, -213 = -3*y - o + 734. Let t = -57821 + 57844. Calculate the remainder when y is divided by t.
17
Let n = 4 - 5. Let c be 8 + -1 + n + -2. What is the remainder when (45 - c/(-4)) + (2 - 0) is divided by 10?
8
Suppose -17 + 60 = -n. Calculate the remainder when (n/2 - 0)*(-17 - -13) is divided by 6.
2
Let k(j) = -24*j + 5 + 56*j + 91*j**2 - 28*j. What is the remainder when k(-1) is divided by 1*-6*(-16)/6?
12
Suppose 4*q = z - 57, z = -q - 734 + 751. What is the remainder when 2444 is divided by z?
19
What is the remainder when 99*(-12 + 13)*5 is divided by 16?
15
Calculate the remainder when 301/2 + 6*(-1)/4 is divided by 38.
35
Suppose 0 = -a + g + g - 10, -4*a - 5*g + 25 = 0. Suppose a = 8*q - 216. What is the remainder when 134 is divided by q?
26
Let g(s) be the third derivative of 35*s**4/24 - 23*s**3 + 15*s**2. What is the remainder when g(10) is divided by 58?
38
Let l = -21540 + 21901. Let d = 41 + 11. What is the remainder when l is divided by d?
49
Let t = -305 - -305. Suppose 8*r - 485 - 403 = t. Let m(n) = -2*n + 11. What is the remainder when r is divided by m(-9)?
24
Suppose -29 = 3*o - 35. Suppose 0 = -2*l - 5 - 3, 0 = o*m - 5*l - 146. What is the remainder when 76 is divided by m?
13
Let s(v) = -7*v**2 - 320*v + 219. Let d be s(-46). Let k = 76 + -38. Let r = d - k. What is the remainder when r is divided by 46?
43
Suppose 5*h - 30 = 5*r, -6*r + 2 = -7*r. Let x = -25 - -40. Calculate the remainder when x is divided by h.
3
Calculate the remainder when 366 is divided by 444/28 + (-6)/(-42).
14
Let i(n) = -20*n + 1. Suppose -6*z = -4*z - 8. Calculate the remainder when i(-5) is divided by -2 - (-8 - -1)*z.
23
Let f = 1044 + -429. Suppose h - f = -14*h. What is the remainder when h is divided by (3 - 2) + 1*10?
8
Let y = 15746 + -15398. Let n = 10 + 1. Calculate the remainder when y is divided by n.
7
Calculate the remainder when (-153*16)/18*-8 is divided by 360.
8
Let t = 141 + -126. Suppose 0 = 8*j - 3*j - 45. Suppose 0 = -l - j + 51. What is the remainder when l is divided by t?
12
Suppose -3*t + 5*z - 42 = 8*z, 5*t = -4*z - 73. Let v = 86 + t. What is the remainder when v is divided by 35?
34
Suppose -6*h + 3*h = -54. Let a = 24 + -36. Calculate the remainder when (21*(-40)/a)/1 is divided by h.
16
Let n(k) = -k + 32. Let u be n(-16). Let h = -85 + u. Let x = -25 - h. What is the remainder when 46 is divided by x?
10
Let u(j) = 52*j**2 + 18*j - 18. Let q be u(1). Suppose -656 = -q*r + 11*r. What is the remainder when 94 is divided by r?
14
Suppose 1 = -5*j + 116. Let u = -12690 - -12731. What is the remainder when u is divided by j?
18
What is the remainder when (0 - 3)*55798/(-69) is divided by 1206?
14
Let r(s) = s**2 + 125*s + 1378. Calculate the remainder when 944 is divided by r(-12).
20
Let n(i) = -i**3 + 13*i**2 - 2*i - 142. Let q be n(13). Let h = q + 293. Calculate the remainder when h is divided by 41.
2
Let u(n) = n**3 + 9*n**2 + 13*n + 2. Let x be u(-6). Let o = x - 28. Suppose 35 + 29 = 4*k. What is the remain